{"id":9,"date":"2018-11-26T12:54:24","date_gmt":"2018-11-26T12:54:24","guid":{"rendered":"https:\/\/hackethal-metall.de\/?page_id=9"},"modified":"2018-11-26T13:30:36","modified_gmt":"2018-11-26T13:30:36","slug":"ueber-uns","status":"publish","type":"page","link":"https:\/\/www.hackethal-metall.com\/index.php\/ueber-uns\/","title":{"rendered":"\u00dcber Uns"},"content":{"rendered":"<p>Hackethal Metall wurde am 01. Juni 2010 als Familienunternehmen gegr\u00fcndet und ist als Werksvertretung und Fachhandel ein kompetenter und erfahrender Ansprechpartner f\u00fcr Metallbedarfe aller Art.<\/p>\n<p>Spezialisiert auf NE-Metalle und Edelstahl \u2013 Halbzeuge sowie gelochte bzw. gepr\u00e4gte Metallprodukte geh\u00f6rt Hackethal Metall zu den bedeutendsten Partnern in der Metallbranche.<\/p>\n<p>&nbsp;<\/p>\n<p><strong>Was bieten wir<\/strong><\/p>\n<p>Mit auserw\u00e4hlten und qualifizierten Partnern aus Westeuropa, bedienen wir mit hochwertigen Produkten und fachgerechter und individueller Beratung beinahe jeden Industriezweig.<\/p>\n<p>In Verbindung mit unserem Lochblechhersteller findet man unsere Loch- und Pr\u00e4gebleche in Chemieanlagen, Schallschutzelementen, Siebtrommeln und Fassadenverkleidungen gleicherma\u00dfen, wie in vielen Dingen des allt\u00e4glichen Gebrauchs.<\/p>\n<p>Das von uns vertretende Service \u2013 Center f\u00fcr Edelstahl und Aluminium erg\u00e4nzt unser Portfolio mit eignen Querteil- und Abcoilanlagen.<\/p>\n<p>Mit ca. 7.000 Tonnen bevorraten wir Coils, Bleche, Rohre, St\u00e4be, Profile und Rohrzubeh\u00f6r, um uns individuell und flexiblel auf die Bed\u00fcrfnisse unserer Kunden einstellen zu k\u00f6nnen.<del><\/del><\/p>\n<p>Um unsere Produkte fachgerecht und sicher zu verarbeiten, komplettieren wir unser Angebot mit Arbeitsschutzausr\u00fcstungen, Werkzeugen, Maschinen, Befestigungstechniken ebenso, wie mit Big-Bags und weiteren Entsorgungsm\u00f6glichkeiten.<\/p>\n<p>Damit bietet Ihnen Hackethal Metall die M\u00f6glichkeit, all Ihre Bedarfsf\u00e4lle mit nur einem Ansprechpartner zu realisieren.<\/p>\n","protected":false},"excerpt":{"rendered":"<p>Hackethal Metall wurde am 01. Juni 2010 als Familienunternehmen gegr\u00fcndet und ist als Werksvertretung und Fachhandel ein kompetenter und erfahrender Ansprechpartner f\u00fcr Metallbedarfe aller Art. Spezialisiert auf NE-Metalle und Edelstahl \u2013 Halbzeuge sowie gelochte bzw. gepr\u00e4gte Metallprodukte geh\u00f6rt Hackethal Metall zu den bedeutendsten Partnern in der Metallbranche. &nbsp; Was bieten wir Mit auserw\u00e4hlten und qualifizierten &hellip; <\/p>\n<p class=\"link-more\"><a href=\"https:\/\/www.hackethal-metall.com\/index.php\/ueber-uns\/\" class=\"more-link\"><span class=\"screen-reader-text\">\u201e\u00dcber Uns\u201c <\/span>weiterlesen<\/a><\/p>\n","protected":false},"author":1,"featured_media":0,"parent":0,"menu_order":0,"comment_status":"closed","ping_status":"closed","template":"","meta":{"footnotes":""},"class_list":["post-9","page","type-page","status-publish","hentry"],"_links":{"self":[{"href":"https:\/\/www.hackethal-metall.com\/index.php\/wp-json\/wp\/v2\/pages\/9","targetHints":{"allow":["GET"]}}],"collection":[{"href":"https:\/\/www.hackethal-metall.com\/index.php\/wp-json\/wp\/v2\/pages"}],"about":[{"href":"https:\/\/www.hackethal-metall.com\/index.php\/wp-json\/wp\/v2\/types\/page"}],"author":[{"embeddable":true,"href":"https:\/\/www.hackethal-metall.com\/index.php\/wp-json\/wp\/v2\/users\/1"}],"replies":[{"embeddable":true,"href":"https:\/\/www.hackethal-metall.com\/index.php\/wp-json\/wp\/v2\/comments?post=9"}],"version-history":[{"count":2,"href":"https:\/\/www.hackethal-metall.com\/index.php\/wp-json\/wp\/v2\/pages\/9\/revisions"}],"predecessor-version":[{"id":36,"href":"https:\/\/www.hackethal-metall.com\/index.php\/wp-json\/wp\/v2\/pages\/9\/revisions\/36"}],"wp:attachment":[{"href":"https:\/\/www.hackethal-metall.com\/index.php\/wp-json\/wp\/v2\/media?parent=9"}],"curies":[{"name":"wp","href":"https:\/\/api.w.org\/{rel}","templated":true}]}}